0 and n.
30
Let b = -19 + 35. Calculate the greatest common divisor of 2 and b.
2
Suppose -18*i = -3*i - 315. What is the greatest common divisor of 28 and i?
7
Let m be ((-5)/10)/(-1 - 90/(-92)). Calculate the greatest common factor of m and 23.
23
Suppose -11*z + 32 = -12. Suppose -1 = -2*w + 7. Suppose w*y - 4 = 2*y. Calculate the greatest common divisor of y and z.
2
Let m(f) = -12*f + 9. Let i be m(3). Let d = 33 + i. Suppose -10 = -4*z - 2, -j + 17 = 4*z. Calculate the highest common divisor of d and j.
3
Let w be (16/40)/(1/(-10)). Let x be (-7 - w) + 84 + -1. Calculate the greatest common divisor of 16 and x.
16
Let d be -4 + (5 - (-1 + -4)). Suppose 3*j = -r + 5 - 14, 2*r + 2*j = 2. What is the highest common factor of d and r?
6
Suppose 3*b = -6 + 18. Let x(d) = -d**3 + 5*d**2 - 2*d - 1. Let g be x(b). Calculate the greatest common factor of g and 56.
7
Suppose -d = 2*d + 3. Let s be 3/(d + 33/24). Let c = 25 - -31. What is the greatest common divisor of s and c?
8
Suppose -s + 69 = 14. Let r be (-132)/(-9)*(-3)/(-2). Calculate the greatest common factor of s and r.
11
Let m = 188 + -112. Suppose 2*l = -5*p - l + m, -4*p - 5*l = -66. Calculate the highest common divisor of p and 14.
14
Let p(c) = -52 + 64 + 0*c**2 + 5*c + c**2. Let f be p(-9). What is the highest common divisor of f and 12?
12
Suppose 2*y = -5*f + 51, y = -4*f + 41 - 11. Suppose -3*h + 105 = 5*l - 78, -3*l + 4*h + 104 = 0. Calculate the greatest common divisor of l and y.
18
Suppose 15*o - 210 = 12*o. Calculate the highest common factor of o and 14.
14
Let n = -2 - -3. Let j be n*(-5 + 2)*-5. Let p = -46 + 151. What is the greatest common divisor of j and p?
15
Suppose -3*r + 44 = 11. Calculate the highest common factor of 121 and r.
11
Let l(h) = -37*h - 2. Let b be l(-10). What is the highest common divisor of b and 46?
46
Let d = -9 - -15. Let b(g) = 11*g + 5. Let c(m) = -m - 1. Let q(y) = b(y) + 5*c(y). Let j be q(3). What is the greatest common divisor of j and d?
6
Let l(w) = -2 - 3*w - 2*w + 3*w. Let j be l(-2). Suppose 2*y = -2, -10 = -3*f + j*y - y. Calculate the greatest common factor of 3 and f.
3
Let q be (2/(-2))/(1/29). Let i(m) = m**2 - 10*m - 11. Let z be i(14). Let f = z + q. Calculate the highest common factor of f and 48.
16
Suppose 4*f - 4*p = -576, 124 = -3*f + 2*f - 4*p. Let t = 210 + f. Calculate the greatest common divisor of 14 and t.
14
Let u(i) = -i**3 + 7*i**2 + 9*i - 9. Let q be u(7). Calculate the highest common factor of 18 and q.
18
Let z be 1*2 - (4 - 58). Calculate the highest common factor of z and 84.
28
Let h(i) be the third derivative of i**5/60 - 7*i**4/24 - i**3/3 + i**2. Let a = -9 + 17. Let p be h(a). What is the greatest common factor of 3 and p?
3
Suppose 3*i - 252 - 3 = 0. What is the greatest common divisor of i and 34?
17
Let b be 4 + 3/(-1) - -15. What is the greatest common factor of b and 2?
2
Suppose 0 = 14*q - 17 - 53. What is the greatest common factor of 15 and q?
5
Suppose x + 2*j - 4 = 0, -24 = -5*x + 4*j + 10. What is the highest common divisor of x and 18?
6
Suppose 5*w + 24 = 3*w. Let x = -8 - w. What is the greatest common divisor of 4 and x?
4
Suppose 2*s = s + 6. Let x = 68 + -69. Let l = x + s. What is the highest common divisor of 5 and l?
5
Let n = -4 + 8. Suppose 10 + 6 = z. Calculate the greatest common factor of z and n.
4
Let p(w) = 3*w + 57. Let h be p(0). What is the highest common divisor of 19 and h?
19
Suppose 4*r + 30 = -4*l - r, 4*r = -4*l - 32. Let a be (-32)/(-3) + l/15. What is the greatest common factor of 110 and a?
10
Let r(z) = z**3 + 6*z**2 - 11*z - 8. Let u be -1 - (-3)/1 - 9. Let n be r(u). Let q be ((-55)/(-4))/(5/n). Calculate the greatest common factor of q and 5.
5
Suppose 3 = 2*k - 1. What is the highest common divisor of 6 and k?
2
Let q(s) = s**3 - 5*s**2 + 2. Suppose -3*a - 3 = -0*a. Let k be (-5)/(3/3*a). Let n be q(k). What is the greatest common factor of n and 5?
1
Suppose -t - k = -2*t, 0 = 3*t - 4*k + 5. Suppose 4*z = x - 0 - 20, 25 = 3*x - t*z. Let j = 1 + x. Calculate the highest common factor of j and 5.
1
Let a(b) = b**3 - 5*b + 3. Let n be a(3). What is the highest common divisor of n and 75?
15
Suppose 2*u - 15 = -u. Let k(r) = -18*r - 6. Let c be k(-4). Suppose c = 5*n + 16. Calculate the highest common factor of u and n.
5
Suppose 0 = -2*q + 7*q - 20. Let s be 10/q*48/4. What is the greatest common factor of s and 15?
15
Let q = 10 - -2. Calculate the greatest common divisor of q and 24.
12
Let c(i) = i - 4. Let l(j) = j**3 - 5*j**2 + 4*j - 6. Let n be l(5). Let a be c(n). What is the greatest common factor of a and 20?
10
Suppose 74 = 2*r - 106. What is the greatest common divisor of r and 10?
10
Let x be (-2)/(-2) - 6/(-3). Calculate the greatest common factor of x and 21.
3
Let d be (-3)/(-2)*328/3. Let j = -79 - -25. Let a = j + d. What is the greatest common divisor of a and 10?
10
Suppose 18*g - 19*g = -7. What is the greatest common factor of 28 and g?
7
Let s = 1 + 11. Let j = -26 + 158. Calculate the highest common factor of j and s.
12
Suppose -4*r - 5*h = -48, r - 5*h - 23 = 14. Suppose o + 409 = t + 2*t, -t + 137 = -o. Calculate the highest common divisor of t and r.
17
Let a be 4 + -3 - 18/(-2). Calculate the greatest common divisor of 20 and a.
10
Suppose 0 = -3*q - 6, k = 3*q + q + 18. What is the greatest common divisor of 30 and k?
10
Let b be (-10)/(-15) - (-1244)/(-3). Let t = b + 725. Suppose -4*j = -t - 73. Calculate the greatest common divisor of 12 and j.
12
Let v = -77 - -96. What is the highest common factor of v and 114?
19
Suppose 9*d - 273 = -12*d. What is the highest common divisor of d and 2?
1
Suppose 0 = r - 3*y - 4 - 0, y + 60 = 4*r. What is the greatest common divisor of r and 8?
8
Let x = 90 - 45. Suppose -3*a = 3*k - 54, -3*k - 3*a + 72 = k. What is the highest common divisor of x and k?
9
Let c = 4 - 1. Let g = c - -1. What is the greatest common factor of g and 10?
2
Suppose 6*u = 5*u + 21. What is the highest common factor of 7 and u?
7
Let d(x) = -5*x + 1 + 0*x + 2 + 7*x**2 + 0. Let h be d(3). What is the greatest common divisor of h and 34?
17
Let h = -6 - -6. Suppose 0 = k + v - 5 - 19, -3*k - 5*v + 64 = h. What is the greatest common divisor of 4 and k?
4
Let j(m) = 2*m**3 - 3*m**2 + 6*m - 5. Let r be j(2). Calculate the greatest common factor of r and 11.
11
Let l be (1 - 2) + 4 + -5. Let y be 60/l*(-3)/2. Calculate the highest common divisor of 15 and y.
15
Let j = 17 + -9. Let u = j + -5. Calculate the greatest common factor of 33 and u.
3
Let j = -1 + 3. Suppose n = -j*n + 6. Suppose 0 = -2*c + 2*p - 2 + 44, -n*c - 5*p + 21 = 0. What is the greatest common divisor of c and 18?
18
Let u(r) = -r**3 - 14*r**2 - 25*r - 6. Let h be u(-12). Let i be 2 + ((-1)/1 - -23). Calculate the greatest common divisor of h and i.
6
Let c = 111 + -41. Calculate the highest common factor of 28 and c.
14
Suppose -10 = -c - 4. Let v(u) = u**2 - 6*u + 12. Let d be v(c). Calculate the greatest common divisor of 96 and d.
12
Suppose 0 = -5*m - 384 + 94. Let j = m + 100. What is the highest common factor of j and 6?
6
Let a be (-10)/(-4) - -2*(-2)/8. Calculate the highest common divisor of a and 14.
2
Let q(x) be the first derivative of x**3/3 - 4*x**2 - 1. Let s be q(7). Let j be (-4)/(s/(-9) - 1). What is the highest common factor of 6 and j?
6
Let p(u) = -u**2 + 15*u - 7. Let n be p(10). Suppose -5*g - 3 + n = 0. Let t = 22 - g. Calculate the highest common factor of t and 35.
7
Let h be (-20)/(-8)*(-8)/10. Let c be h/(-12) + 17/6. Suppose 167 = c*k + 32. What is the greatest common divisor of 9 and k?
9
Let r(k) = 3*k**2 + k - 2. Let v be (8/20)/((-1)/5). Let c be r(v). Calculate the greatest common factor of c and 40.
8
Let f = 3 - 6. Let l be (-13)/f - 4/(-6). Let s(b) = 21*b + 7. Let q be s(l). What is the greatest common factor of 16 and q?
16
Suppose 660 = 4*u + 8*u. Calculate the greatest common factor of 5 and u.
5
Suppose -2*t = -a + 3*t + 18, 2*a = -4*t + 36. What is the greatest common factor of 2 and a?
2
Let r = -111 + 136. What is the greatest common factor of 100 and r?
25
Let p be -42*((-2)/(-3) - 2). Calculate the highest common divisor of p and 7.
7
Suppose -n = -0*n + a - 14, 5*n + 3*a = 62. Let h be (-150)/(-2)*2